 k(l) = -3*l**3 + 197*l**2 + 28*l + 103. Is k(42) a prime number?
False
Suppose -3*q = 2*n + 283 + 555, 5*q - 20 = 0. Let c = -882 + n. Let a = 2052 + c. Is a a composite number?
True
Suppose -3*z - 4 = -13. Let p = -148 + 152. Suppose p*a - z = 633. Is a a prime number?
False
Let k(w) = -1093*w - 14. Let l be k(-2). Let b = l + -230. Is b a prime number?
False
Suppose 4*l = 8*a - 9*a + 75206, l + 1 = 0. Suppose a = 15*c + 675. Is c prime?
True
Let g(v) = v**3 - 5*v**2 - 22*v - 9. Let l be g(8). Suppose -l*u + 45815 = -18578. Is u a composite number?
False
Suppose 113*h = 32*h + 3977343. Is h prime?
True
Let r(l) = -16*l**3 - 57*l**2 - 26*l + 7. Is r(-16) composite?
True
Suppose -54*n + 5*l + 74991 = -52*n, -187400 = -5*n - 3*l. Is n prime?
True
Suppose 36 = 2*u + 4. Let a be (6 + -3)*u/3. Is ((-4)/(a/(-2)))/((-1)/(-1354)) a prime number?
True
Suppose 30*k - 151*k - 29668267 + 97558826 = 0. Is k composite?
False
Suppose -25*r - 8 + 120 = 12. Let l = 6370 + -4541. Suppose -l - 519 = -r*d. Is d prime?
True
Let f(l) = l**3 - 9*l**2 - 9*l - 13. Let c be f(10). Suppose 17*k + 1458 = 3*h + 20*k, -2*h - 5*k = -963. Is 4 + h*(4 + c) a prime number?
False
Let y(c) = 3*c**3 - 3*c**2 + 5*c + 4499. Let v(j) = -j**3 + j**2 - 2*j - 1500. Let d(p) = 8*v(p) + 3*y(p). Is d(0) composite?
True
Let m(k) = 21*k + 39. Let a be m(-5). Is a/176 + (-33873)/(-24) a prime number?
False
Suppose 4*d + 12 = 6*d. Suppose 0 = d*z + 4*z - 115690. Is z a prime number?
False
Let u(w) = -48862*w + 45. Is u(-1) a composite number?
False
Let i = -2056 + 5415. Is i a composite number?
False
Is (6 - 10 - -3)*-331 a prime number?
True
Suppose -2*r + 290 = -434. Let b = -161 + r. Is b a prime number?
False
Let y(l) = -21*l**2 - 8*l - 7. Let n(j) = -22*j**2 - 7*j - 7. Let k(r) = 3*n(r) - 2*y(r). Let x be k(-4). Is (-1 - -4 - 4)*(x - 2) prime?
True
Suppose 94*s - 92*s - 171036 = 2*c, 3*s + 2*c = 256529. Is s a composite number?
False
Let i be (6/(-5))/((-5)/25). Suppose -i*x + 10*x - 5596 = 0. Is x a prime number?
True
Let t(j) be the second derivative of -j**5/20 - 7*j**4/6 - 7*j**3/3 - 13*j**2/2 + 2*j. Let k be t(-13). Suppose k = 2*z - 5*z + 11361. Is z composite?
True
Let i = -343991 + 658534. Is i a prime number?
True
Suppose 4*v - 44864 = 2*s, 3*v + 10*s = 13*s + 33654. Let b = 6124 + v. Is b composite?
True
Suppose 298*s - 365840 = 290*s. Suppose 0 = 7*f - s - 9843. Is f prime?
False
Suppose 6 = 2*n + 8. Let j be 1066 + 4 + n - -1. Let d = -661 + j. Is d a prime number?
True
Suppose 131*q - 1968535 = 127*q - 3*h, 2*q - 984270 = -4*h. Is q prime?
False
Let c(v) = -319*v**2 - 11*v + 10. Let m be c(5). Let i = m - -17874. Is ((-2)/4)/((-13)/i) prime?
True
Suppose 47 = w - 5*l + 19, -5 = -5*w - 2*l. Suppose -2*p = n - 18618, -6*p = -11*p + w*n + 46567. Is p a prime number?
True
Let a = -39017 + 102948. Is a prime?
False
Let w(b) = 1099*b**3 + 8*b**2 - 6*b - 8. Is w(5) composite?
False
Let v = -98821 - -158742. Is v prime?
True
Let w = 177 + -605. Let n = w + 1267. Is n composite?
False
Suppose 1720642 - 150931 = 143*h. Is h prime?
False
Let t be (144/20)/(4/(-30)). Let m = -48 - t. Suppose -4*h = 4*l - 1932, -m*l + 2*l = 3*h - 1451. Is h prime?
False
Let b = -5993 - -8435. Suppose b = 2*l - 5*s, -l + 0*s + 1203 = 2*s. Is l a prime number?
False
Let r(m) = 15*m**2 - 7*m + 12. Let y be r(4). Let z(k) = 126*k**2 + 3*k. Let t be z(2). Let w = t + y. Is w prime?
False
Suppose 46*s = -79165 + 709779. Is s prime?
True
Let z(t) = t**3 + 103*t**2 - 24*t + 427. Is z(-93) prime?
False
Suppose -4*n + 5*n - 15 = -5*o, 5*n = -5*o - 5. Suppose 0 = -4*v + 5*q - 10, v - q = -o*q + 6. Suppose 3*p = -v*p + 177. Is p a composite number?
False
Let i be (-72)/14 + (-3)/(-21). Let w be -685 + (i - -3) + 5. Let j = w + 1037. Is j composite?
True
Is (-992525)/(-15) - (-7 - 152/(-24)) prime?
True
Suppose -8*p = -2*p + 18306. Let w = -1910 - p. Is w prime?
False
Let p = -46342 - -102339. Is p prime?
True
Let c = -58974 + 197233. Is c composite?
True
Suppose 23*m - 7782 = 20*m. Suppose 38*a - 39*a + m = 0. Is a a composite number?
True
Suppose 35784 + 33429 = l + 4*u, 0 = -l + 5*u + 69231. Is l prime?
True
Suppose -z + 18 = 5*z. Suppose p + 28 = 2*w, -2*p - 24 = -5*w + z*w. Is (w - -1)/((-17)/(-119)) a composite number?
True
Let a(n) = -9*n + 459. Let b be a(51). Suppose 3*i = 2 + 19. Suppose -i*c - c + 10552 = b. Is c prime?
True
Suppose 2*p - 17008 + 6402 = 5*x, 2*p - 10646 = -5*x. Suppose -5*j - 8172 = -l - 2845, l = -2*j + p. Is l composite?
True
Let h(c) be the third derivative of -683*c**6/60 + c**5/30 + 5*c**4/24 + 11*c**3/6 - 145*c**2. Is h(-2) prime?
True
Let j(w) = -3*w**3 + 208*w**2 - 14*w + 15. Is j(16) composite?
False
Let c(k) = -59*k - 1096. Is c(-45) a composite number?
False
Is -14*(-1655869)/266 + (-3 - 2) a composite number?
True
Suppose 2*j = 4*h - 99622, h - 4*j = -9*j + 24922. Is h composite?
False
Let w = 9133 - 3986. Is w prime?
True
Let b = -46 - -32. Let z be 1550 + (0/3 - 0). Is 6/21 - z/b composite?
True
Let q = -999911 - -1680174. Is q a composite number?
False
Suppose 0 = -2*m + 25 - 15. Suppose -33 = -2*c + 4*x - m, 0 = 5*c + 2*x - 10. Suppose 5038 + 10643 = 5*b - c*f, 2*f - 2 = 0. Is b composite?
False
Suppose 1326086 = 4*o + 5*l, 71*o - 70*o + 3*l - 331525 = 0. Is o composite?
False
Let f(u) = -71*u**3 + 7*u**2 - 6*u + 5. Let i(h) = -36*h**3 + 3*h**2 - 3*h + 2. Let b(k) = 3*f(k) - 7*i(k). Is b(2) prime?
False
Suppose 5*q + 1 - 3 = 4*n, -5*n + q + 8 = 0. Suppose -4*l + 16 = 0, -2*l - 1132 = -n*d + 266. Is d prime?
False
Let n = -97314 + 225833. Is n a prime number?
True
Let s = -65079 + 132364. Is s a prime number?
False
Suppose -30 = -146*r + 141*r. Is (r - 2) + 3 - -1164 prime?
True
Suppose -2*q = 3*q - 39905. Let p = q - 4590. Is p a prime number?
True
Let u = -20093 - -38626. Is u a composite number?
True
Suppose -45*b + 114287 = h - 47*b, 571498 = 5*h - b. Is h a prime number?
False
Suppose 29*b - 30*b - d = -97462, 0 = -5*d. Is b prime?
False
Let p(f) be the second derivative of 5*f**3/6 + 41*f**2/2 + 3*f - 9. Is p(18) a composite number?
False
Let s(l) = -6*l + 30. Let m be s(10). Let w be (-56334)/(-45) + (-4)/m. Let p = w + 1177. Is p prime?
False
Let n(k) be the third derivative of k**5/120 + 223*k**4/24 + 3*k**3/2 - 16*k**2. Let r(o) be the first derivative of n(o). Is r(0) a prime number?
True
Let o = 1331 - -1968. Is o prime?
True
Let d(w) = 11685*w**2 - 3*w - 2. Let f be d(-1). Suppose 8*g - f = 1554. Is g a prime number?
False
Suppose 450*s + 23525 = 455*s. Let a = -1998 + s. Is a composite?
False
Let j be (-400)/50 - -49*6879. Suppose 11*m - 42*m + j = 0. Is m a prime number?
False
Let d = -9093 - -11724. Is d a composite number?
True
Let m(r) = -1 + 5 + 696*r**3 + 3*r**2 - 7 - 4*r**2 + 3*r. Let w be m(1). Suppose 0*v - w = -5*v. Is v a prime number?
True
Suppose i - 10*i + 40689 = 0. Suppose -i = -6*r + 32337. Is r a prime number?
True
Suppose -2*t + 641 = -195. Let q be t/132 - (-1)/(-6). Suppose 3*d - 24 + 294 = q*y, -5*y - d = -444. Is y prime?
True
Suppose -5*u + 34 = -3*u. Let x(a) = -498*a - 17*a**2 + 253*a + a**3 + 249*a + 14. Is x(u) composite?
True
Let j(l) be the first derivative of -29*l + 7/3*l**3 - 31 - 6*l**2. Is j(10) prime?
False
Let u = -4 + 4. Let n be (4/10 + u)/(22/110). Is -1*n/(4/(-1982)) prime?
True
Let c(g) = 2374*g**2 - 130*g - 2161. Is c(-18) a prime number?
False
Let c = 10361 - 9627. Suppose 5*u - 5 = 0, 2*o = -o - 5*u - 616. Let t = c - o. Is t a composite number?
False
Let y be -18*(-4 + (-140)/(-30)). Let c = 2 - 0. Is (-1)/(y/3254) - c/12 a prime number?
True
Let a(m) = 2*m**2 + 42*m + 31. Let p be a(-20). Let b(h) = -98*h - 91. Is b(p) prime?
False
Let u be 8/5 - (-2)/5. Suppose -3*r + 6032 = u*t, 3*t - 9051 = -3*r - 0*r. Is t composite?
False
Let x = 12690 + 17632. Is x prime?
False
Let b = 27341 + 15081. Is b a prime number?
False
Let c be (12/(-8))/(10/(-40)). Suppose -2*d = -0*h - 5*h - 1092, 0 = 5*d - 5*h - 2760. Suppose -c*u = -u, 0 = 4*g - u - d. Is g a prime number?
True
Let f = 17734 - -1306. Is (f/63 - 3) + (-2)/9 a prime number?
False
Is (-14644492)/(-22) - (2/(-5))/(726/495) a prime number?
True
Suppose 9*t - 105973 - 604047 = 43937. Is t composite?
False
Let v = 1270627 + -318740. Is v composite?
False
Let i(w) =